- 25. List the prime factors of (j/6)/((-4)/84).
5, 7, 19
Let p(t) = 3*t**2 - 6*t + 15. Let u be p(3). Suppose u = -4*w + 12*w. Suppose -w*f - 59 = -746. List the prime factors of f.
229
Let w be (-2)/(-6)*3*(-15 - -20). Suppose w*s - 2*s = -r + 316, 5*s + 1500 = 5*r. List the prime factors of r.
2, 19
Suppose 5587 = -29*p + 17129. Suppose -p = -3*s - 4*b, -7*b + 3*b = -3*s + 382. What are the prime factors of s?
2, 5, 13
Let z(a) = 4*a - 9. Let c be z(3). Suppose c*g - 2 - 19 = 0. Suppose -4*w = u - g*w - 40, -4*u - 3*w + 145 = 0. List the prime factors of u.
37
Suppose 0 = 17*a - 15*a - 4. Let m(p) = 10*p**a + 3*p + 325*p**3 + 0*p**2 - 12 - p - 326*p**3. What are the prime factors of m(9)?
3, 29
Suppose 8*i = -1028 - 1660. Let n = i - -632. List the prime factors of n.
2, 37
Let r = -10223 - -14444. List the prime factors of r.
3, 7, 67
Let u = -57 + 117. Let y = u - -19. Let z = -35 + y. List the prime factors of z.
2, 11
Suppose 138160 = -14*d + 58*d. Let u = d + -2162. List the prime factors of u.
2, 3, 163
Let v be -1*(4414/(-42) + 50/525). Suppose 0*n = -2*b + 5*n - 10, -8 = 2*b - 4*n. Suppose b = -59*y + 60*y - v. List the prime factors of y.
3, 5, 7
Suppose -16625 = -115*w + 33082 + 566808. List the prime factors of w.
3, 1787
Let j = -582 - -587. Suppose 4*z - 5*d - 1870 = 0, j*z + 0*z - 2358 = -4*d. List the prime factors of z.
2, 5, 47
Let c(i) be the second derivative of 5*i**4/4 - 17*i**3/6 - 18*i**2 - 7*i + 8. What are the prime factors of c(-4)?
2, 17
Let m(j) = -3*j + 9. Let f be m(3). Suppose f = 6*q + 5 - 17. Suppose q*z - 52 = 24. List the prime factors of z.
2, 19
Let n be (-2 - 3352/28) + 4/(-14). Let k = 90 - n. Let a = k + -81. List the prime factors of a.
131
Let n(s) = 6*s**3 + 29*s**2 + 25*s + 61. Let i(b) = 7*b**3 + 29*b**2 + 25*b + 60. Let v(o) = -5*i(o) + 6*n(o). List the prime factors of v(-28).
2, 3, 5
Let q = -8160 + 14473. What are the prime factors of q?
59, 107
List the prime factors of (-160968)/114*(-39)/4.
3, 13, 353
Let d be (9/(-6))/(-3) - (-15)/2. Suppose -13*a + d = -135. What are the prime factors of a?
11
Let z(a) = -a**3 + 22*a**2 - 20*a + 19. Let p be z(9). Suppose -g = -4*o + p, 3*o + 3*g = 4*g + 669. What are the prime factors of o?
223
Suppose 0 = -41*p - 169*p + 8*p + 2949604. List the prime factors of p.
2, 7, 149
Let x be -5*1/(-15) + (-24)/(-9). Let n(i) = -18*i + 14 - 9*i + i - x. List the prime factors of n(-9).
5, 7
Let t be 1 + 1*585/(-3). Let z(x) = 92*x - 275. Let y be z(3). What are the prime factors of (2 + -1 + t)*(y + -2)?
193
Let r(d) = -3*d**3 + 34*d**2 - 11*d + 4. Let i be r(11). Suppose -i*f - 525 = -2249. List the prime factors of f.
431
Let b(y) = 22*y**2 - 59*y + 902. What are the prime factors of b(-16)?
2, 3739
Suppose 31*i - 958568 = -97003 + 549121. List the prime factors of i.
2, 61, 373
Let v(s) = 116*s - 1726. What are the prime factors of v(27)?
2, 19, 37
Let g be ((-8)/10)/(0 + (-6)/45). Suppose 6*z - 4*z = g. Suppose 5*y - 4*m = 607, -y - m + z*m + 119 = 0. List the prime factors of y.
3, 41
Let y be 1 + (-3 - (9/3 + -5)). Suppose -30*w + 7529 + 6121 = y. What are the prime factors of w?
5, 7, 13
Suppose -7*b + 10052 = -19817. What are the prime factors of b?
17, 251
Let b(d) = -474*d**3 - 9*d**2 + 151*d + 761. List the prime factors of b(-5).
3, 7, 937
Let l(s) = s**2 - 12*s + 35. Let i be l(7). Let t be 0 + (-6 + i)*3/(-6). Suppose -151 = -c - t*u, 466 + 359 = 5*c + u. List the prime factors of c.
2, 83
Let v(p) = -20*p**3 - 4*p**2 + p + 5. Let u be v(-3). Let d = -232 + u. List the prime factors of d/8 - (-1)/(-4).
2, 17
Let b(u) = 19*u**2 + 2*u + 11. Let d be b(-5). Suppose -765 = -5*a + 4*g, -3*a + 2*g + d = 3*g. List the prime factors of a.
157
Let u be (-4)/22 + (-553)/(-77). Suppose -u*p + 464 = -495. Suppose 49 - p = -2*l. List the prime factors of l.
2, 11
Let i(h) = -30 + 73*h + 13*h - 7 - 9*h. What are the prime factors of i(4)?
271
Suppose -3 - 1 = -4*i. Let z be 1 - ((i - 0) + -4). Suppose -3*l = -7*l - 2*t + 52, -l + z*t + 13 = 0. List the prime factors of l.
13
Let z(c) = c**2 + 13*c - 1. Let i = -22 + 41. Suppose m - 5*r - i = -2*r, r + 5 = 0. List the prime factors of z(m).
67
Let b = 4 - -23. Let l be 1*811/(-5) + b/135. Let f = -63 - l. What are the prime factors of f?
3, 11
Let p(d) = -d**2 - 6*d + 16. Let z be p(-8). Suppose z = 7*u - 9 + 58. Let g(k) = 4*k**2 + 23*k - 2. List the prime factors of g(u).
3, 11
Let k = 17919 - 10644. What are the prime factors of k?
3, 5, 97
Let o = 126079 + -71980. List the prime factors of o.
3, 6011
Let r = -252 + 257. Suppose 340 = -r*l + 2*j + 2373, -l + 3*j + 417 = 0. List the prime factors of l.
3, 5
Let i = -47 - -50. Suppose -3*q - v = -16, q - 2*v + 0 = i. Suppose -286 = -2*l - 0*b + q*b, 0 = l + 2*b - 143. List the prime factors of l.
11, 13
Let a = 3182 + 12886. List the prime factors of a.
2, 3, 13, 103
Suppose 293*i + 1625 = 292*i. Let z = 2513 + i. List the prime factors of z.
2, 3, 37
Let i = -19164 + 27871. What are the prime factors of i?
8707
Suppose 2*g = -4*x + 18192, -9*g + 4 = -8*g. List the prime factors of x.
2, 2273
Let i be (-12)/21 + 3*(-2)/14. List the prime factors of (-20)/i*(-1428)/(-136).
2, 3, 5, 7
Let l(k) = -k**2 + 148*k - 697. List the prime factors of l(86).
3, 5, 103
Let v = -19573 + 49537. Suppose 15*t - v = -7*t. List the prime factors of t.
2, 3, 227
Let u(a) = -35*a**3 + 18*a**2 + 3*a + 1. Let c be u(-4). Suppose -1935 = -6*r + c. List the prime factors of r.
2, 7, 53
Let j(u) = 4*u**2 - 2*u - 23. Let c(y) = -y**3 - 15*y**2 - 27*y - 22. Let x be c(-13). List the prime factors of j(x).
11, 29
Let r be ((-7)/(-42))/((-2)/(-6))*6. Suppose -5 = -3*x + 5*f, 9 = 4*x - 4*f - r. Suppose -2*s = 3*s + 10, 0 = 3*i + x*s - 362. List the prime factors of i.
2, 31
Let x(g) = -g - 5. Suppose 2*b + 26 = 3*k, -4*b - k + 0 = 24. Let a be x(b). Suppose -y + 134 = -3*s - a*s, -s = -5*y + 550. List the prime factors of y.
109
Let n = -59024 - -99534. What are the prime factors of n?
2, 5, 4051
Suppose 3*f - 8*f = -4*a - 41, -2*a = 2*f - 2. Suppose i - 5*y - 287 = 0, -558 = -2*i - 3*y + f*y. List the prime factors of i.
277
Suppose 0 = 4*i - 3*p - 190 - 328, -133 = -i - p. Suppose 0 = -8*h + i - 19. Suppose 11*u - h*u = -396. What are the prime factors of u?
2, 3, 11
Let q(b) = -b + b**3 - 12 - 6*b**2 + 0*b**2 - 9*b. Let a(n) = n**2 - 3*n + 4. Let s be a(4). What are the prime factors of q(s)?
2, 3
Let b be 8/5*(-1 + 42/12). Suppose 0 = -y - 3*c + 2762, -b*c - 13850 = -5*y + c. What are the prime factors of -3*(y/6)/(-8)?
173
List the prime factors of (-10)/6*(76671/(-7) - 6).
5, 13, 281
Let k = 58409 - 12137. What are the prime factors of k?
2, 3, 241
Suppose 295*m - 304*m + 49473 = 0. List the prime factors of m.
23, 239
Suppose -5*y = 31*y - 61236. List the prime factors of y.
3, 7
List the prime factors of 8841 + (-1 - -1) + (3 + -5 - 4).
3, 5, 19, 31
Let g be 0/2 + 7 + -1 + -3. Let q be 1/(-3*g/9). What are the prime factors of 450/8 + q/4?
2, 7
What are the prime factors of (-1 + 2)/((-25)/(-42220)) - (-9)/45?
3, 563
Let w(i) = -i**3 - 40*i**2 + 84*i - 26. What are the prime factors of w(-43)?
23, 83
Let h(n) = 2*n**2 + 13 - 1 - 5*n**2 - 15*n. Let j = -2029 - -2024. List the prime factors of h(j).
2, 3
Suppose -7*s - 896 = -4*n - 2*s, -1120 = -5*n + 2*s. Let t = 17 - 14. Suppose 11*g - n = t*g. List the prime factors of g.
2, 7
What are the prime factors of (248/(-10) + 2)/((144/(-1820))/18)?
3, 7, 13, 19
Let u(d) = -529*d - 1940. List the prime factors of u(-35).
3, 5, 13, 17
Let i be (-1)/(4/(-204)) + -6. Suppose -z - i = -420. What are the prime factors of z?
3, 5
Let m = -13610 - -21344. What are the prime factors of m?
2, 3, 1289
Suppose 5*z + 11845 = 3*r, 473*z = -2*r + 472*z + 7862. What are the prime factors of r?
5, 787
Suppose 2 + 3 = -y + 2*q, 12 = -3*y + 5*q. What are the prime factors of 2 + -2 + -3*-120*y?
2, 3, 5
Let x be (-33)/(-44) - (1062/8 - 0). Let a = 297 + x. What are the prime factors of a?
3, 5, 11
Let p = 247 - 244. Suppose 4*m + 1464 = 3*x, -3*x + p*m = 4*m - 1479. List the prime factors of x.
2, 3, 41
Suppose 0 = t - 3*b - 5, t - 25 = -4*b + 2*b. Let c = 18 - t. What are the prime factors of (-13 - -24) + c + 4?
2
Let k be 20*1/(-16)*4. List the prime f